{"id":860,"date":"2021-12-19T17:02:13","date_gmt":"2021-12-19T16:02:13","guid":{"rendered":"https:\/\/sch\u00fctzenverein-grussendorf.de\/?page_id=860"},"modified":"2025-01-26T22:57:03","modified_gmt":"2025-01-26T21:57:03","slug":"dartsport","status":"publish","type":"page","link":"https:\/\/sch\u00fctzenverein-grussendorf.de\/?page_id=860","title":{"rendered":"Dartsport im Sch\u00fctzenverein"},"content":{"rendered":"\r\n<p>Im Jahr 2022 haben wir eine Dartsportgruppe aufgebaut, die sich mittlerweile als fester Bestandteil des Sch\u00fctzenvereins etabliert hat.<\/p>\r\n<p>Gespielt wird im Sch\u00fctzenheim jeden zweiten Freitag ab 19 Uhr. Termine siehe <a href=\"https:\/\/sch\u00fctzenverein-grussendorf.de\/?page_id=24\">Termine &amp; Veranstaltungen<\/a>. Es gibt Steeldart nach den klassischen Turnierregeln (501; Double Out. Dabei steht der Spa\u00df im Vordergrund und es gibt pro Dartscheibe jeweils einen Auf- und Absteiger, so dass zwischen den Gruppen ein regelm\u00e4\u00dfiger Wechsel stattfindet.<\/p>\r\n\r\n\r\n\r\n<p><img loading=\"lazy\" decoding=\"async\" width=\"300\" height=\"200\" class=\"wp-image-861\" src=\"https:\/\/xn--schtzenverein-grussendorf-hwc.de\/wp-content\/uploads\/2021\/12\/IMG_3606-300x200.jpg\" alt=\"\" srcset=\"https:\/\/xn--schtzenverein-grussendorf-hwc.de\/wp-content\/uploads\/2021\/12\/IMG_3606-300x200.jpg 300w, https:\/\/xn--schtzenverein-grussendorf-hwc.de\/wp-content\/uploads\/2021\/12\/IMG_3606-1024x683.jpg 1024w, https:\/\/xn--schtzenverein-grussendorf-hwc.de\/wp-content\/uploads\/2021\/12\/IMG_3606-768x512.jpg 768w, https:\/\/xn--schtzenverein-grussendorf-hwc.de\/wp-content\/uploads\/2021\/12\/IMG_3606-1536x1024.jpg 1536w, https:\/\/xn--schtzenverein-grussendorf-hwc.de\/wp-content\/uploads\/2021\/12\/IMG_3606-2048x1365.jpg 2048w, https:\/\/xn--schtzenverein-grussendorf-hwc.de\/wp-content\/uploads\/2021\/12\/IMG_3606-450x300.jpg 450w\" sizes=\"auto, (max-width: 300px) 100vw, 300px\" \/><\/p>\r\n\r\n\r\n\r\n<p>Mit Winmau Blade Steeldart Boards, entsprechenden Dartst\u00e4ndern, Surroundings und Beleuchtungssystemen ist die Ausr\u00fcstung f\u00fcr klassisches &#8222;Kneipendart&#8220; vorhanden. Eine Dritte Scheibe ist auf dem Luftdruck-Schie\u00dfstand installiert.<\/p>\r\n<p>Die regelm\u00e4\u00dfigen Teilnehmer konnten Ihren Durchschnitt mittlerweile deutlich steigern &#8211; aber auch Anf\u00e4nger sind jederzeit willkommen und werden direkt in die Gruppe integriert.\u00a0<\/p>\r\n<p>Einmal im Jahr wird auch der Vereinsmeister (VM) ausgeworfen.<\/p>\r\n<p>Hier findet Ihr die bisherigen Titeltr\u00e4ger und die Berichte zur Dart-VM<\/p>\r\n<ul>\r\n<li>2023: Kai Lange &#8211; <a href=\"https:\/\/sch\u00fctzenverein-grussendorf.de\/?p=1405\">Bericht VM 2023<\/a><\/li>\r\n<li>2024: Marcus Cordes &#8211; <a href=\"https:\/\/sch\u00fctzenverein-grussendorf.de\/?p=1772\">Bericht VM 2024<\/a><\/li>\r\n<li>2025: Martin Dressel &#8211; <a href=\"https:\/\/sch\u00fctzenverein-grussendorf.de\/?p=2254\">Bericht VM 2025<\/a><\/li>\r\n<\/ul>\r\n<p>Hier findet Ihr ein Beispiel f\u00fcr die Ausschreibung und Teilnahmeregeln unserer VM zum Download: <a href=\"https:\/\/xn--schtzenverein-grussendorf-hwc.de\/wp-content\/uploads\/2024\/01\/Ausschreibung_VM_2023.pdf\">Ausschreibung_VM_2023<\/a><\/p>\r\n<p>Alle, die Interesse haben beim Dart dabei zu sein k\u00f6nnen gerne zu einem der Dartabende vorbei kommen und unverbindlich testen, ob es Euch gef\u00e4llt. Oder Ihr schreibt uns einfach \u00fcber das <a href=\"https:\/\/sch\u00fctzenverein-grussendorf.de\/?page_id=113\" data-type=\"page\" data-id=\"113\">Kontaktformular<\/a>.<\/p>\r\n\r\n\r\n\r\n\r\n\r\n<figure class=\"wp-block-image size-full is-style-default\">\r\n<div id=\"attachment_999\" style=\"width: 852px\" class=\"wp-caption alignnone\"><img loading=\"lazy\" decoding=\"async\" aria-describedby=\"caption-attachment-999\" class=\"wp-image-999\" src=\"http:\/\/xn--schtzenverein-grussendorf-hwc.de\/wp-content\/uploads\/2022\/04\/IMG-20220408-WA0001-3.jpg\" alt=\"\" width=\"842\" height=\"630\" srcset=\"https:\/\/xn--schtzenverein-grussendorf-hwc.de\/wp-content\/uploads\/2022\/04\/IMG-20220408-WA0001-3.jpg 842w, https:\/\/xn--schtzenverein-grussendorf-hwc.de\/wp-content\/uploads\/2022\/04\/IMG-20220408-WA0001-3-300x224.jpg 300w, https:\/\/xn--schtzenverein-grussendorf-hwc.de\/wp-content\/uploads\/2022\/04\/IMG-20220408-WA0001-3-768x575.jpg 768w, https:\/\/xn--schtzenverein-grussendorf-hwc.de\/wp-content\/uploads\/2022\/04\/IMG-20220408-WA0001-3-401x300.jpg 401w\" sizes=\"auto, (max-width: 842px) 100vw, 842px\" \/><p id=\"caption-attachment-999\" class=\"wp-caption-text\">Paralleles Bespielen von zwei Dartscheiben<\/p><\/div>\r\n<figcaption><br \/>\r\n<div id=\"attachment_1410\" style=\"width: 594px\" class=\"wp-caption aligncenter\"><a href=\"http:\/\/xn--schtzenverein-grussendorf-hwc.de\/wp-content\/uploads\/2023\/01\/IMG_4323-scaled.jpg\"><img loading=\"lazy\" decoding=\"async\" aria-describedby=\"caption-attachment-1410\" class=\"wp-image-1410 size-large\" src=\"http:\/\/xn--schtzenverein-grussendorf-hwc.de\/wp-content\/uploads\/2023\/01\/IMG_4323-683x1024.jpg\" alt=\"\" width=\"584\" height=\"876\" srcset=\"https:\/\/xn--schtzenverein-grussendorf-hwc.de\/wp-content\/uploads\/2023\/01\/IMG_4323-683x1024.jpg 683w, https:\/\/xn--schtzenverein-grussendorf-hwc.de\/wp-content\/uploads\/2023\/01\/IMG_4323-200x300.jpg 200w, https:\/\/xn--schtzenverein-grussendorf-hwc.de\/wp-content\/uploads\/2023\/01\/IMG_4323-768x1152.jpg 768w, https:\/\/xn--schtzenverein-grussendorf-hwc.de\/wp-content\/uploads\/2023\/01\/IMG_4323-1024x1536.jpg 1024w, https:\/\/xn--schtzenverein-grussendorf-hwc.de\/wp-content\/uploads\/2023\/01\/IMG_4323-1365x2048.jpg 1365w, https:\/\/xn--schtzenverein-grussendorf-hwc.de\/wp-content\/uploads\/2023\/01\/IMG_4323-scaled.jpg 1707w\" sizes=\"auto, (max-width: 584px) 100vw, 584px\" \/><\/a><p id=\"caption-attachment-1410\" class=\"wp-caption-text\">Live-Scores auf der Leinwand bei der Vereinsmeisterschaft<\/p><\/div>\r\n<div id=\"attachment_1407\" style=\"width: 594px\" class=\"wp-caption aligncenter\"><a href=\"https:\/\/xn--schtzenverein-grussendorf-hwc.de\/wp-content\/uploads\/2023\/01\/IMG_4297-scaled.jpg\"><img loading=\"lazy\" decoding=\"async\" aria-describedby=\"caption-attachment-1407\" class=\"wp-image-1407 size-large\" src=\"https:\/\/xn--schtzenverein-grussendorf-hwc.de\/wp-content\/uploads\/2023\/01\/IMG_4297-1024x683.jpg\" alt=\"\" width=\"584\" height=\"390\" srcset=\"https:\/\/xn--schtzenverein-grussendorf-hwc.de\/wp-content\/uploads\/2023\/01\/IMG_4297-1024x683.jpg 1024w, https:\/\/xn--schtzenverein-grussendorf-hwc.de\/wp-content\/uploads\/2023\/01\/IMG_4297-300x200.jpg 300w, https:\/\/xn--schtzenverein-grussendorf-hwc.de\/wp-content\/uploads\/2023\/01\/IMG_4297-768x512.jpg 768w, https:\/\/xn--schtzenverein-grussendorf-hwc.de\/wp-content\/uploads\/2023\/01\/IMG_4297-1536x1024.jpg 1536w, https:\/\/xn--schtzenverein-grussendorf-hwc.de\/wp-content\/uploads\/2023\/01\/IMG_4297-2048x1365.jpg 2048w, https:\/\/xn--schtzenverein-grussendorf-hwc.de\/wp-content\/uploads\/2023\/01\/IMG_4297-450x300.jpg 450w\" sizes=\"auto, (max-width: 584px) 100vw, 584px\" \/><\/a><p id=\"caption-attachment-1407\" class=\"wp-caption-text\">Teilnehmer der Vereinsmeisterschaft 2023<\/p><\/div>\r\n<div id=\"attachment_2253\" style=\"width: 594px\" class=\"wp-caption aligncenter\"><a href=\"https:\/\/xn--schtzenverein-grussendorf-hwc.de\/wp-content\/uploads\/2025\/01\/IMG-20250117-WA0004.jpg\"><img loading=\"lazy\" decoding=\"async\" aria-describedby=\"caption-attachment-2253\" class=\"wp-image-2253 size-large\" src=\"https:\/\/xn--schtzenverein-grussendorf-hwc.de\/wp-content\/uploads\/2025\/01\/IMG-20250117-WA0004-1024x768.jpg\" alt=\"\" width=\"584\" height=\"438\" srcset=\"https:\/\/xn--schtzenverein-grussendorf-hwc.de\/wp-content\/uploads\/2025\/01\/IMG-20250117-WA0004-1024x768.jpg 1024w, https:\/\/xn--schtzenverein-grussendorf-hwc.de\/wp-content\/uploads\/2025\/01\/IMG-20250117-WA0004-300x225.jpg 300w, https:\/\/xn--schtzenverein-grussendorf-hwc.de\/wp-content\/uploads\/2025\/01\/IMG-20250117-WA0004-768x576.jpg 768w, https:\/\/xn--schtzenverein-grussendorf-hwc.de\/wp-content\/uploads\/2025\/01\/IMG-20250117-WA0004-1536x1152.jpg 1536w, https:\/\/xn--schtzenverein-grussendorf-hwc.de\/wp-content\/uploads\/2025\/01\/IMG-20250117-WA0004-400x300.jpg 400w, https:\/\/xn--schtzenverein-grussendorf-hwc.de\/wp-content\/uploads\/2025\/01\/IMG-20250117-WA0004.jpg 1600w\" sizes=\"auto, (max-width: 584px) 100vw, 584px\" \/><\/a><p id=\"caption-attachment-2253\" class=\"wp-caption-text\">Vereinsmeisterschaft 2025<\/p><\/div>\r\n<p>Hier noch die Ahnengalerie der &#8222;Best Results&#8220; \ud83d\ude09<\/p>\r\n\n\t\t<style type=\"text\/css\">\n\t\t\t#gallery-1 {\n\t\t\t\tmargin: auto;\n\t\t\t}\n\t\t\t#gallery-1 .gallery-item {\n\t\t\t\tfloat: left;\n\t\t\t\tmargin-top: 10px;\n\t\t\t\ttext-align: center;\n\t\t\t\twidth: 50%;\n\t\t\t}\n\t\t\t#gallery-1 img {\n\t\t\t\tborder: 2px solid #cfcfcf;\n\t\t\t}\n\t\t\t#gallery-1 .gallery-caption {\n\t\t\t\tmargin-left: 0;\n\t\t\t}\n\t\t\t\/* see gallery_shortcode() in wp-includes\/media.php *\/\n\t\t<\/style>\n\t\t<div id='gallery-1' class='gallery galleryid-860 gallery-columns-2 gallery-size-thumbnail'><dl class='gallery-item'>\n\t\t\t<dt class='gallery-icon portrait'>\n\t\t\t\t<a href='https:\/\/xn--schtzenverein-grussendorf-hwc.de\/wp-content\/uploads\/2024\/05\/IMG-20240301-WA0007.jpg'><img loading=\"lazy\" decoding=\"async\" width=\"150\" height=\"150\" src=\"https:\/\/xn--schtzenverein-grussendorf-hwc.de\/wp-content\/uploads\/2024\/05\/IMG-20240301-WA0007-150x150.jpg\" class=\"attachment-thumbnail size-thumbnail\" alt=\"\" aria-describedby=\"gallery-1-1932\" \/><\/a>\n\t\t\t<\/dt>\n\t\t\t\t<dd class='wp-caption-text gallery-caption' id='gallery-1-1932'>\n\t\t\t\tMartin mit 171\n\t\t\t\t<\/dd><\/dl><dl class='gallery-item'>\n\t\t\t<dt class='gallery-icon landscape'>\n\t\t\t\t<a href='https:\/\/xn--schtzenverein-grussendorf-hwc.de\/wp-content\/uploads\/2024\/05\/IMG-20240105-WA0009.jpg'><img loading=\"lazy\" decoding=\"async\" width=\"150\" height=\"150\" src=\"https:\/\/xn--schtzenverein-grussendorf-hwc.de\/wp-content\/uploads\/2024\/05\/IMG-20240105-WA0009-150x150.jpg\" class=\"attachment-thumbnail size-thumbnail\" alt=\"\" aria-describedby=\"gallery-1-1933\" \/><\/a>\n\t\t\t<\/dt>\n\t\t\t\t<dd class='wp-caption-text gallery-caption' id='gallery-1-1933'>\n\t\t\t\tBj\u00f6rn mit 180\n\t\t\t\t<\/dd><\/dl><br style=\"clear: both\" \/><dl class='gallery-item'>\n\t\t\t<dt class='gallery-icon landscape'>\n\t\t\t\t<a href='https:\/\/xn--schtzenverein-grussendorf-hwc.de\/wp-content\/uploads\/2024\/05\/IMG-20240421-WA0079.jpg'><img loading=\"lazy\" decoding=\"async\" width=\"150\" height=\"150\" src=\"https:\/\/xn--schtzenverein-grussendorf-hwc.de\/wp-content\/uploads\/2024\/05\/IMG-20240421-WA0079-150x150.jpg\" class=\"attachment-thumbnail size-thumbnail\" alt=\"\" aria-describedby=\"gallery-1-1934\" \/><\/a>\n\t\t\t<\/dt>\n\t\t\t\t<dd class='wp-caption-text gallery-caption' id='gallery-1-1934'>\n\t\t\t\tKai mit 171\n\t\t\t\t<\/dd><\/dl><dl class='gallery-item'>\n\t\t\t<dt class='gallery-icon portrait'>\n\t\t\t\t<a href='https:\/\/xn--schtzenverein-grussendorf-hwc.de\/wp-content\/uploads\/2024\/05\/IMG-20230617-WA0005.jpg'><img loading=\"lazy\" decoding=\"async\" width=\"150\" height=\"150\" src=\"https:\/\/xn--schtzenverein-grussendorf-hwc.de\/wp-content\/uploads\/2024\/05\/IMG-20230617-WA0005-150x150.jpg\" class=\"attachment-thumbnail size-thumbnail\" alt=\"\" aria-describedby=\"gallery-1-1935\" \/><\/a>\n\t\t\t<\/dt>\n\t\t\t\t<dd class='wp-caption-text gallery-caption' id='gallery-1-1935'>\n\t\t\t\tJo mit 180\n\t\t\t\t<\/dd><\/dl><br style=\"clear: both\" \/><dl class='gallery-item'>\n\t\t\t<dt class='gallery-icon portrait'>\n\t\t\t\t<a href='https:\/\/xn--schtzenverein-grussendorf-hwc.de\/wp-content\/uploads\/2024\/05\/IMG-20230707-WA0003.jpg'><img loading=\"lazy\" decoding=\"async\" width=\"150\" height=\"150\" src=\"https:\/\/xn--schtzenverein-grussendorf-hwc.de\/wp-content\/uploads\/2024\/05\/IMG-20230707-WA0003-150x150.jpg\" class=\"attachment-thumbnail size-thumbnail\" alt=\"\" aria-describedby=\"gallery-1-1936\" \/><\/a>\n\t\t\t<\/dt>\n\t\t\t\t<dd class='wp-caption-text gallery-caption' id='gallery-1-1936'>\n\t\t\t\tUwe mit 171\n\t\t\t\t<\/dd><\/dl><dl class='gallery-item'>\n\t\t\t<dt class='gallery-icon portrait'>\n\t\t\t\t<a href='https:\/\/xn--schtzenverein-grussendorf-hwc.de\/wp-content\/uploads\/2024\/05\/IMG-20230707-WA0002.jpg'><img loading=\"lazy\" decoding=\"async\" width=\"150\" height=\"150\" src=\"https:\/\/xn--schtzenverein-grussendorf-hwc.de\/wp-content\/uploads\/2024\/05\/IMG-20230707-WA0002-150x150.jpg\" class=\"attachment-thumbnail size-thumbnail\" alt=\"\" aria-describedby=\"gallery-1-1937\" \/><\/a>\n\t\t\t<\/dt>\n\t\t\t\t<dd class='wp-caption-text gallery-caption' id='gallery-1-1937'>\n\t\t\t\tKerstin mit 125\n\t\t\t\t<\/dd><\/dl><br style=\"clear: both\" \/>\n\t\t<\/div>\n\r\n<\/figcaption>\r\n<\/figure>\r\n","protected":false},"excerpt":{"rendered":"<p>Im Jahr 2022 haben wir eine Dartsportgruppe aufgebaut, die sich mittlerweile als fester Bestandteil des Sch\u00fctzenvereins etabliert hat. Gespielt wird im Sch\u00fctzenheim jeden zweiten Freitag ab 19 Uhr. Termine siehe Termine &amp; Veranstaltungen. Es gibt Steeldart nach den klassischen Turnierregeln &hellip; <a href=\"https:\/\/sch\u00fctzenverein-grussendorf.de\/?page_id=860\">Weiterlesen <span class=\"meta-nav\">&rarr;<\/span><\/a><\/p>\n","protected":false},"author":1,"featured_media":0,"parent":1585,"menu_order":4,"comment_status":"closed","ping_status":"closed","template":"sidebar-page.php","meta":{"footnotes":""},"class_list":["post-860","page","type-page","status-publish","hentry"],"_links":{"self":[{"href":"https:\/\/sch\u00fctzenverein-grussendorf.de\/index.php?rest_route=\/wp\/v2\/pages\/860","targetHints":{"allow":["GET"]}}],"collection":[{"href":"https:\/\/sch\u00fctzenverein-grussendorf.de\/index.php?rest_route=\/wp\/v2\/pages"}],"about":[{"href":"https:\/\/sch\u00fctzenverein-grussendorf.de\/index.php?rest_route=\/wp\/v2\/types\/page"}],"author":[{"embeddable":true,"href":"https:\/\/sch\u00fctzenverein-grussendorf.de\/index.php?rest_route=\/wp\/v2\/users\/1"}],"replies":[{"embeddable":true,"href":"https:\/\/sch\u00fctzenverein-grussendorf.de\/index.php?rest_route=%2Fwp%2Fv2%2Fcomments&post=860"}],"version-history":[{"count":14,"href":"https:\/\/sch\u00fctzenverein-grussendorf.de\/index.php?rest_route=\/wp\/v2\/pages\/860\/revisions"}],"predecessor-version":[{"id":998,"href":"https:\/\/sch\u00fctzenverein-grussendorf.de\/index.php?rest_route=\/wp\/v2\/pages\/860\/revisions\/998"}],"up":[{"embeddable":true,"href":"https:\/\/sch\u00fctzenverein-grussendorf.de\/index.php?rest_route=\/wp\/v2\/pages\/1585"}],"wp:attachment":[{"href":"https:\/\/sch\u00fctzenverein-grussendorf.de\/index.php?rest_route=%2Fwp%2Fv2%2Fmedia&parent=860"}],"curies":[{"name":"wp","href":"https:\/\/api.w.org\/{rel}","templated":true}]}}