{"id":8,"date":"2019-01-15T22:44:02","date_gmt":"2019-01-15T22:44:02","guid":{"rendered":"http:\/\/xn--schtzenverein-grussendorf-hwc.de\/?page_id=8"},"modified":"2025-06-27T23:24:04","modified_gmt":"2025-06-27T21:24:04","slug":"unser-verein","status":"publish","type":"page","link":"https:\/\/sch\u00fctzenverein-grussendorf.de\/?page_id=8","title":{"rendered":"Unser Verein"},"content":{"rendered":"\r\n<p>Der Sch\u00fctzenverein Gru\u00dfendorf von 1921 e. V. wurde 1921 gegr\u00fcndet und ist seitdem ein wesentlicher gesellschaftlicher und kultureller Bestandteil der Dorfgemeinschaft in Gru\u00dfendorf und der Sassenburg-Gemeinde.<\/p>\r\n<p><a href=\"https:\/\/xn--schtzenverein-grussendorf-hwc.de\/wp-content\/uploads\/2024\/06\/PXL_20240613_151019134.MP_-scaled.jpg\"><img loading=\"lazy\" decoding=\"async\" class=\"aligncenter wp-image-2022 size-large\" src=\"https:\/\/xn--schtzenverein-grussendorf-hwc.de\/wp-content\/uploads\/2024\/06\/PXL_20240613_151019134.MP_-1024x771.jpg\" alt=\"\" width=\"584\" height=\"440\" srcset=\"https:\/\/xn--schtzenverein-grussendorf-hwc.de\/wp-content\/uploads\/2024\/06\/PXL_20240613_151019134.MP_-1024x771.jpg 1024w, https:\/\/xn--schtzenverein-grussendorf-hwc.de\/wp-content\/uploads\/2024\/06\/PXL_20240613_151019134.MP_-300x226.jpg 300w, https:\/\/xn--schtzenverein-grussendorf-hwc.de\/wp-content\/uploads\/2024\/06\/PXL_20240613_151019134.MP_-768x578.jpg 768w, https:\/\/xn--schtzenverein-grussendorf-hwc.de\/wp-content\/uploads\/2024\/06\/PXL_20240613_151019134.MP_-1536x1157.jpg 1536w, https:\/\/xn--schtzenverein-grussendorf-hwc.de\/wp-content\/uploads\/2024\/06\/PXL_20240613_151019134.MP_-2048x1542.jpg 2048w, https:\/\/xn--schtzenverein-grussendorf-hwc.de\/wp-content\/uploads\/2024\/06\/PXL_20240613_151019134.MP_-398x300.jpg 398w\" sizes=\"auto, (max-width: 584px) 100vw, 584px\" \/><\/a><\/p>\r\n\r\n\r\n\r\n<p>Wir pflegen die Traditionen des Sch\u00fctzenwesens und verbinden diese Traditionspflege mit einer modernen und verantwortungsvollen Aus\u00fcbung des Schie\u00dfsportes. Die j\u00e4hrliche Organisation des Sch\u00fctzenfestes stellt einen wesentlichen Beitrag.<\/p>\r\n\r\n\r\n\r\n<figure class=\"wp-block-image\"><img loading=\"lazy\" decoding=\"async\" width=\"1024\" height=\"682\" class=\"wp-image-139\" src=\"http:\/\/xn--schtzenverein-grussendorf-hwc.de\/wp-content\/uploads\/2019\/02\/Wappen_Jacke-1024x682.jpg\" alt=\"\" srcset=\"https:\/\/xn--schtzenverein-grussendorf-hwc.de\/wp-content\/uploads\/2019\/02\/Wappen_Jacke-1024x682.jpg 1024w, https:\/\/xn--schtzenverein-grussendorf-hwc.de\/wp-content\/uploads\/2019\/02\/Wappen_Jacke-300x200.jpg 300w, https:\/\/xn--schtzenverein-grussendorf-hwc.de\/wp-content\/uploads\/2019\/02\/Wappen_Jacke-768x511.jpg 768w, https:\/\/xn--schtzenverein-grussendorf-hwc.de\/wp-content\/uploads\/2019\/02\/Wappen_Jacke-451x300.jpg 451w\" sizes=\"auto, (max-width: 1024px) 100vw, 1024px\" \/><\/figure>\r\n\r\n\r\n\r\n<p>Aber auch au\u00dferhalb des Sch\u00fctzenwesens organisieren und beteiligen wir uns an vielen ehrenamtlichen Aktionen und tragen so zu einem bunten und vielf\u00e4ltigen Dorfleben bei.<\/p>\r\n\r\n\r\n\r\n<p>Aktuell umfasst unser Sch\u00fctzenverein knapp <span style=\"color: #222222;\">250 <\/span>Mitglieder<\/p>\r\n\r\n\r\n<hr class=\"wp-block-separator\" \/>\r\n\r\n\r\n<p>Organisatorisch sind wir dem <a href=\"http:\/\/www.ksv-gifhorn.de\/\">Kreissch\u00fctzenverband Gifhorn<\/a>\u00a0zugeordnet, und auf Landesebene dem\u00a0<a href=\"http:\/\/nssv.de\/\">Nieders\u00e4chsischen Sportsch\u00fctzenverband<\/a>.<\/p>\r\n\r\n\r\n\r\n<p>Der Dachverband unseres Vereins ist der\u00a0<a href=\"http:\/\/www.dsb.de\/\">Deutsche Sch\u00fctzenbund<\/a>, welcher als gr\u00f6\u00dfter bundesweiter schie\u00dfsportlicher Verband Mitglied in zahlreichen nationalen und internationalen Organisationen ist, \u00a0wie zum Beispiel dem Deutschen Olympischen Sportbund (DOSB) oder dem Internationalen Schie\u00df-Sportverband (ISSF). Die im DSB organisierten Sch\u00fctzen sind best\u00e4ndig international erfolgreich und stets Garant f\u00fcr vorderste Pl\u00e4tze in bedeutenden Wettbewerben.<br \/><br \/>Bei den olympischen Spiele 2016 in Rio errangen die deutschen Sch\u00fctzen allein 5 der insgesamt 42 Medaillen, die die deutschen Sportler nach Hause bringen konnten.<\/p>\r\n\r\n\r\n\r\n<p>Die Basis f\u00fcr diese Erfolge bildet die Arbeit in den kleinen Vereinen, wie unserem Sch\u00fctzenverein, wo mit einer sehr guten technischen Ausstattung jedem die M\u00f6glichkeit gegeben wird, den Schie\u00dfsport von der Pike auf zu erlernen und ein anspruchsvolles Training durchf\u00fchren zu k\u00f6nnen.<\/p>\r\n<div id=\"attachment_893\" style=\"width: 210px\" class=\"wp-caption aligncenter\"><a href=\"https:\/\/xn--schtzenverein-grussendorf-hwc.de\/wp-content\/uploads\/2021\/06\/cropped-2015-12-20-15.24.25-scaled-1.jpg\"><img loading=\"lazy\" decoding=\"async\" aria-describedby=\"caption-attachment-893\" class=\"wp-image-893 size-medium\" src=\"https:\/\/xn--schtzenverein-grussendorf-hwc.de\/wp-content\/uploads\/2021\/06\/cropped-2015-12-20-15.24.25-scaled-1-200x300.jpg\" alt=\"\" width=\"200\" height=\"300\" srcset=\"https:\/\/xn--schtzenverein-grussendorf-hwc.de\/wp-content\/uploads\/2021\/06\/cropped-2015-12-20-15.24.25-scaled-1-200x300.jpg 200w, https:\/\/xn--schtzenverein-grussendorf-hwc.de\/wp-content\/uploads\/2021\/06\/cropped-2015-12-20-15.24.25-scaled-1-682x1024.jpg 682w, https:\/\/xn--schtzenverein-grussendorf-hwc.de\/wp-content\/uploads\/2021\/06\/cropped-2015-12-20-15.24.25-scaled-1-768x1153.jpg 768w, https:\/\/xn--schtzenverein-grussendorf-hwc.de\/wp-content\/uploads\/2021\/06\/cropped-2015-12-20-15.24.25-scaled-1.jpg 1000w\" sizes=\"auto, (max-width: 200px) 100vw, 200px\" \/><\/a><p id=\"caption-attachment-893\" class=\"wp-caption-text\">Corinna Cordes, Gru\u00dfendorfer Sch\u00fctzin im Wettkampf 2019 in der Verbandsoberliga<\/p><\/div>\r\n","protected":false},"excerpt":{"rendered":"<p>Der Sch\u00fctzenverein Gru\u00dfendorf von 1921 e. V. wurde 1921 gegr\u00fcndet und ist seitdem ein wesentlicher gesellschaftlicher und kultureller Bestandteil der Dorfgemeinschaft in Gru\u00dfendorf und der Sassenburg-Gemeinde. Wir pflegen die Traditionen des Sch\u00fctzenwesens und verbinden diese Traditionspflege mit einer modernen und &hellip; <a href=\"https:\/\/sch\u00fctzenverein-grussendorf.de\/?page_id=8\">Weiterlesen <span class=\"meta-nav\">&rarr;<\/span><\/a><\/p>\n","protected":false},"author":1,"featured_media":0,"parent":0,"menu_order":0,"comment_status":"closed","ping_status":"closed","template":"sidebar-page.php","meta":{"footnotes":""},"class_list":["post-8","page","type-page","status-publish","hentry"],"_links":{"self":[{"href":"https:\/\/sch\u00fctzenverein-grussendorf.de\/index.php?rest_route=\/wp\/v2\/pages\/8","targetHints":{"allow":["GET"]}}],"collection":[{"href":"https:\/\/sch\u00fctzenverein-grussendorf.de\/index.php?rest_route=\/wp\/v2\/pages"}],"about":[{"href":"https:\/\/sch\u00fctzenverein-grussendorf.de\/index.php?rest_route=\/wp\/v2\/types\/page"}],"author":[{"embeddable":true,"href":"https:\/\/sch\u00fctzenverein-grussendorf.de\/index.php?rest_route=\/wp\/v2\/users\/1"}],"replies":[{"embeddable":true,"href":"https:\/\/sch\u00fctzenverein-grussendorf.de\/index.php?rest_route=%2Fwp%2Fv2%2Fcomments&post=8"}],"version-history":[{"count":10,"href":"https:\/\/sch\u00fctzenverein-grussendorf.de\/index.php?rest_route=\/wp\/v2\/pages\/8\/revisions"}],"predecessor-version":[{"id":2401,"href":"https:\/\/sch\u00fctzenverein-grussendorf.de\/index.php?rest_route=\/wp\/v2\/pages\/8\/revisions\/2401"}],"wp:attachment":[{"href":"https:\/\/sch\u00fctzenverein-grussendorf.de\/index.php?rest_route=%2Fwp%2Fv2%2Fmedia&parent=8"}],"curies":[{"name":"wp","href":"https:\/\/api.w.org\/{rel}","templated":true}]}}