{"id":2184,"date":"2025-11-09T10:29:54","date_gmt":"2025-11-09T09:29:54","guid":{"rendered":"https:\/\/sch\u00fctzenverein-grussendorf.de\/?page_id=2184"},"modified":"2025-12-27T14:58:36","modified_gmt":"2025-12-27T13:58:36","slug":"generalversammlungen","status":"publish","type":"page","link":"https:\/\/sch\u00fctzenverein-grussendorf.de\/?page_id=2184","title":{"rendered":"Generalversammlungen"},"content":{"rendered":"<p>Hier findet Ihr sowohl die Einladung zur aktuellen Generalversammlung, wie auch die Berichte zu den vorherigen Versammlungen.<\/p>\n<h1>Einladung zur Generalversammlung 2026<\/h1>\n<p>Die Generalversammlung des Sch\u00fctzenvereins Gru\u00dfendorf findet am <strong>10. Januar 2026<\/strong> ab <strong>18.30 Uhr<\/strong> im Sch\u00fctzenheim in Gru\u00dfendorf statt.<\/p>\n<p>Alle Mitglieder sind dazu herzlich eingeladen.<\/p>\n<p><strong><u>Tagesordnung:<\/u><\/strong><\/p>\n<ol>\n<li>Er\u00f6ffnung der Generalversammlung, Begr\u00fc\u00dfung<\/li>\n<li>Feststellen der ordnungsgem\u00e4\u00dfen Einladung und der Beschlussf\u00e4higkeit<\/li>\n<li>Erg\u00e4nzungen zur Tagesordnung und Genehmigung der Tagesordnung<\/li>\n<li>Genehmigung des Protokolls der letzten Generalversammlung (Protokoll wird zur Einsicht ab 01.12. im Sch\u00fctzenheim ausgelegt und auf der Homepage ver\u00f6ffentlicht)<\/li>\n<li>Jahresberichte f\u00fcr das abgelaufene Kalenderjahr\n<ol>\n<li>Bericht des 1. Vorsitzenden und der 2. Vorsitzenden<\/li>\n<li>Berichte der Schie\u00dfsportleitung, der Damenleitung, der Jugendleitung, der Jungen Gesellschaft, der Dartsportgruppe<\/li>\n<\/ol>\n<\/li>\n<li>Durchsprache der Vereinsziele\n<ol>\n<li>Ziele allgemein<\/li>\n<li>Zwischenstand Digitalisierung Schie\u00dfstand<\/li>\n<\/ol>\n<\/li>\n<li>Bekanntgaben<\/li>\n<li>Kassenbericht und Kassenpr\u00fcferbericht<\/li>\n<li>Entlastung des Vorstandes<\/li>\n<li>Teilwahlen des Vorstandes und des erweiterten Vorstandes\n<ol>\n<li>1. Vorsitzende\/-r<\/li>\n<li>1. Kassenf\u00fchrer\/-in<\/li>\n<li>2. Kassenf\u00fchrer\/-in<\/li>\n<li>2. Schriftf\u00fchrer\/-in<\/li>\n<li>Damenleitung<\/li>\n<li>1. Schie\u00dfsportobmann\/-frau<\/li>\n<\/ol>\n<\/li>\n<\/ol>\n<p style=\"text-align: left; padding-left: 80px;\">Bekanntgabe des neuen Vorstands<\/p>\n<ol start=\"11\">\n<li>Wahl des 2. Kassenpr\u00fcfers<\/li>\n<li>Gru\u00dfworte der G\u00e4ste<\/li>\n<li>Verschiedenes und Anfragen<\/li>\n<li>Schlusswort des Versammlungsleiters<\/li>\n<\/ol>\n<p>Antr\u00e4ge auf Erg\u00e4nzungen der Tagesordnung m\u00fcssen bis eine Woche vor der Versammlung schriftlich beim Vorstand eingereicht werden, damit sie noch auf die Tagesordnung gesetzt werden k\u00f6nnen (\u00a7 13 der Satzung).<\/p>\n<p><span data-contrast=\"auto\">1. Vorsitzender\u00a0 \u00a0 \u00a0 \u00a0 \u00a0 \u00a0 \u00a0 \u00a0 \u00a0 \u00a0 \u00a0 \u00a0 \u00a0\u00a0<\/span> <span data-contrast=\"auto\">2. Vorsitzende<\/span><span data-ccp-props=\"{&quot;134233279&quot;:true,&quot;201341983&quot;:0,&quot;335559739&quot;:200,&quot;335559740&quot;:276}\">\u00a0<\/span><\/p>\n<p><span data-contrast=\"auto\">Marcus Cordes\u00a0 \u00a0 \u00a0 \u00a0 \u00a0 \u00a0 \u00a0 \u00a0 \u00a0 \u00a0 \u00a0 \u00a0 \u00a0<\/span> <span data-contrast=\"auto\">Sylke Thomas<\/span><span data-ccp-props=\"{&quot;201341983&quot;:0,&quot;335559685&quot;:360,&quot;335559739&quot;:200,&quot;335559740&quot;:276}\">\u00a0<\/span><\/p>\n<p>&nbsp;<\/p>\n<h1>R\u00fcckblick auf fr\u00fchere Versammlungen<\/h1>\n<p>Wollt Ihr Euch \u00fcber die Themen der letzten Generalversammlungen informieren, findet Ihr hier die Berichte:<\/p>\n<ul>\n<li><a href=\"https:\/\/sch\u00fctzenverein-grussendorf.de\/?p=2187\">Nachlese Generalversammlung 2025<\/a><\/li>\n<li><a href=\"https:\/\/xn--schtzenverein-grussendorf-hwc.de\/wp-content\/uploads\/2025\/12\/Protokoll_Generalversammlung_2025_Internetversion.pdf\">Protokoll_Generalversammlung_2025_Internetversion<\/a><\/li>\n<li><a href=\"https:\/\/sch\u00fctzenverein-grussendorf.de\/?p=1757\">Nachlese Generalversammlung 2024<\/a><\/li>\n<li><a href=\"https:\/\/sch\u00fctzenverein-grussendorf.de\/?p=1401\">Nachlese Generalversammlung 2023<\/a><\/li>\n<li>2022 fiel die Generalversammlung aufgrund von Corona aus.<\/li>\n<li><a href=\"https:\/\/sch\u00fctzenverein-grussendorf.de\/?p=707\">Nachlese Generalversammlung 2021<\/a><\/li>\n<\/ul>\n<p>&nbsp;<\/p>\n<p>&nbsp;<\/p>\n<p>&nbsp;<\/p>\n<p>&nbsp;<\/p>\n","protected":false},"excerpt":{"rendered":"<p>Hier findet Ihr sowohl die Einladung zur aktuellen Generalversammlung, wie auch die Berichte zu den vorherigen Versammlungen. Einladung zur Generalversammlung 2026 Die Generalversammlung des Sch\u00fctzenvereins Gru\u00dfendorf findet am 10. Januar 2026 ab 18.30 Uhr im Sch\u00fctzenheim in Gru\u00dfendorf statt. Alle &hellip; <a href=\"https:\/\/sch\u00fctzenverein-grussendorf.de\/?page_id=2184\">Weiterlesen <span class=\"meta-nav\">&rarr;<\/span><\/a><\/p>\n","protected":false},"author":1,"featured_media":0,"parent":0,"menu_order":0,"comment_status":"closed","ping_status":"closed","template":"","meta":{"footnotes":""},"class_list":["post-2184","page","type-page","status-publish","hentry"],"_links":{"self":[{"href":"https:\/\/sch\u00fctzenverein-grussendorf.de\/index.php?rest_route=\/wp\/v2\/pages\/2184","targetHints":{"allow":["GET"]}}],"collection":[{"href":"https:\/\/sch\u00fctzenverein-grussendorf.de\/index.php?rest_route=\/wp\/v2\/pages"}],"about":[{"href":"https:\/\/sch\u00fctzenverein-grussendorf.de\/index.php?rest_route=\/wp\/v2\/types\/page"}],"author":[{"embeddable":true,"href":"https:\/\/sch\u00fctzenverein-grussendorf.de\/index.php?rest_route=\/wp\/v2\/users\/1"}],"replies":[{"embeddable":true,"href":"https:\/\/sch\u00fctzenverein-grussendorf.de\/index.php?rest_route=%2Fwp%2Fv2%2Fcomments&post=2184"}],"version-history":[{"count":6,"href":"https:\/\/sch\u00fctzenverein-grussendorf.de\/index.php?rest_route=\/wp\/v2\/pages\/2184\/revisions"}],"predecessor-version":[{"id":2530,"href":"https:\/\/sch\u00fctzenverein-grussendorf.de\/index.php?rest_route=\/wp\/v2\/pages\/2184\/revisions\/2530"}],"wp:attachment":[{"href":"https:\/\/sch\u00fctzenverein-grussendorf.de\/index.php?rest_route=%2Fwp%2Fv2%2Fmedia&parent=2184"}],"curies":[{"name":"wp","href":"https:\/\/api.w.org\/{rel}","templated":true}]}}