{"id":2,"date":"2016-05-10T03:48:21","date_gmt":"2016-05-10T03:48:21","guid":{"rendered":"http:\/\/xn--schtzenverein-grussendorf-hwc.de\/?page_id=2"},"modified":"2025-06-27T23:15:15","modified_gmt":"2025-06-27T21:15:15","slug":"herzlich-willkommen","status":"publish","type":"page","link":"https:\/\/sch\u00fctzenverein-grussendorf.de\/?page_id=2","title":{"rendered":"Herzlich Willkommen"},"content":{"rendered":"<p>Herzlich Willkommen<\/p>\r\n<p>auf der Homepage des <strong>Sch\u00fctzenvereins Gru\u00dfendorf von 1921 e. V.<\/strong><\/p>\r\n<p>Der Sch\u00fctzenverein Gru\u00dfendorf leistet seit mehr als 100 Jahren einen gro\u00dfen Beitrag zur sportlichen und kulturellen Vielfalt in unserem Dorf.<\/p>\r\n<p><img loading=\"lazy\" decoding=\"async\" class=\"aligncenter size-full wp-image-466\" src=\"https:\/\/xn--schtzenverein-grussendorf-hwc.de\/wp-content\/uploads\/2021\/04\/gruendungsdatum_Antik.png\" alt=\"\" width=\"763\" height=\"286\" srcset=\"https:\/\/xn--schtzenverein-grussendorf-hwc.de\/wp-content\/uploads\/2021\/04\/gruendungsdatum_Antik.png 763w, https:\/\/xn--schtzenverein-grussendorf-hwc.de\/wp-content\/uploads\/2021\/04\/gruendungsdatum_Antik-300x112.png 300w, https:\/\/xn--schtzenverein-grussendorf-hwc.de\/wp-content\/uploads\/2021\/04\/gruendungsdatum_Antik-500x187.png 500w\" sizes=\"auto, (max-width: 763px) 100vw, 763px\" \/><\/p>\r\n<p>Auf diesen Seiten m\u00f6chten wir Euch uns und unser Vereinsleben n\u00e4her vorstellen.<\/p>\r\n<div id=\"attachment_2012\" style=\"width: 594px\" class=\"wp-caption aligncenter\"><a href=\"https:\/\/xn--schtzenverein-grussendorf-hwc.de\/wp-content\/uploads\/2024\/06\/IMG-20240601-WA0025-Kopie-Kopie.jpg\"><img loading=\"lazy\" decoding=\"async\" aria-describedby=\"caption-attachment-2012\" class=\"wp-image-2012 size-large\" src=\"https:\/\/xn--schtzenverein-grussendorf-hwc.de\/wp-content\/uploads\/2024\/06\/IMG-20240601-WA0025-Kopie-Kopie-1024x768.jpg\" alt=\"\" width=\"584\" height=\"438\" srcset=\"https:\/\/xn--schtzenverein-grussendorf-hwc.de\/wp-content\/uploads\/2024\/06\/IMG-20240601-WA0025-Kopie-Kopie-1024x768.jpg 1024w, https:\/\/xn--schtzenverein-grussendorf-hwc.de\/wp-content\/uploads\/2024\/06\/IMG-20240601-WA0025-Kopie-Kopie-300x225.jpg 300w, https:\/\/xn--schtzenverein-grussendorf-hwc.de\/wp-content\/uploads\/2024\/06\/IMG-20240601-WA0025-Kopie-Kopie-768x576.jpg 768w, https:\/\/xn--schtzenverein-grussendorf-hwc.de\/wp-content\/uploads\/2024\/06\/IMG-20240601-WA0025-Kopie-Kopie-1536x1152.jpg 1536w, https:\/\/xn--schtzenverein-grussendorf-hwc.de\/wp-content\/uploads\/2024\/06\/IMG-20240601-WA0025-Kopie-Kopie-400x300.jpg 400w, https:\/\/xn--schtzenverein-grussendorf-hwc.de\/wp-content\/uploads\/2024\/06\/IMG-20240601-WA0025-Kopie-Kopie.jpg 1783w\" sizes=\"auto, (max-width: 584px) 100vw, 584px\" \/><\/a><p id=\"caption-attachment-2012\" class=\"wp-caption-text\">K\u00f6nigshaus 2024\/2025<\/p><\/div>\r\n<p>\u00dcber die oben stehenden Men\u00fcpunkte finden Ihr unter anderem<\/p>\r\n<ul>\r\n<li style=\"text-align: left;\">ausf\u00fchrliche Informationen zu unserem <a href=\"http:\/\/sch\u00fctzenverein-grussendorf.de\/?page_id=8\">Verein<\/a>,<\/li>\r\n<li><a href=\"http:\/\/sch\u00fctzenverein-grussendorf.de\/?page_id=238\">aktuelle Nachrichten<\/a> rund um das Vereinsleben,<\/li>\r\n<li style=\"text-align: left;\">allgemeine Informationen \u00fcber unser umfangreiches <a href=\"https:\/\/sch\u00fctzenverein-grussendorf.de\/?page_id=1585\">Sport- und Freizeitangebot<\/a><\/li>\r\n<li style=\"text-align: left;\">insbesondere den <a href=\"http:\/\/sch\u00fctzenverein-grussendorf.de\/?page_id=47\">Schie\u00dfsport<\/a> und\u00a0welche M\u00f6glichkeiten es gibt, diese olympische Sportart in Gru\u00dfendorf zu betreiben<\/li>\r\n<\/ul>\r\n\r\n<p>Dar\u00fcber hinaus findet Ihr eine \u00dcbersicht \u00fcber kommende Veranstaltungen wie das <a href=\"http:\/\/sch\u00fctzenverein-grussendorf.de\/?page_id=215\"><strong>Kinderk\u00f6nigsschie\u00dfen und das Kindersch\u00fctzenfest<\/strong><\/a>, das <a href=\"https:\/\/sch\u00fctzenverein-grussendorf.de\/?page_id=1060\">Sch\u00fctzenfest<\/a> oder das <strong>Dorfpokalschie\u00dfen <\/strong>und einen R\u00fcckblick \u00fcber vergangene Veranstaltungen.<\/p>\r\n\r\n\r\n\r\n<p>Wir freuen uns, wenn Ihr Euch ein wenig Zeit nehmt uns kennenzulernen.<\/p>\r\n\r\n\r\n\r\n<p>Aber grau ist alle Theorie &#8211; wenn Ihr Interesse bekommen habt <a href=\"http:\/\/sch\u00fctzenverein-grussendorf.de\/?page_id=89\"><strong>Mitglied zu werden,<\/strong><\/a> oder einfach noch mehr \u00fcber uns erfahren m\u00f6chtet, kommt doch einfach zu einem <a href=\"https:\/\/sch\u00fctzenverein-grussendorf.de\/?page_id=75\">Schnupperschie\u00dfen<\/a> oder einem der <a href=\"https:\/\/sch\u00fctzenverein-grussendorf.de\/?page_id=860\">Dartabende<\/a> bei uns vorbei oder schreibt uns \u00fcber das <a href=\"https:\/\/sch\u00fctzenverein-grussendorf.de\/?page_id=113\">Kontaktformular<\/a>.<\/p>\r\n","protected":false},"excerpt":{"rendered":"<p>Herzlich Willkommen auf der Homepage des Sch\u00fctzenvereins Gru\u00dfendorf von 1921 e. V. Der Sch\u00fctzenverein Gru\u00dfendorf leistet seit mehr als 100 Jahren einen gro\u00dfen Beitrag zur sportlichen und kulturellen Vielfalt in unserem Dorf. Auf diesen Seiten m\u00f6chten wir Euch uns und &hellip; <a href=\"https:\/\/sch\u00fctzenverein-grussendorf.de\/?page_id=2\">Weiterlesen <span class=\"meta-nav\">&rarr;<\/span><\/a><\/p>\n","protected":false},"author":1,"featured_media":0,"parent":238,"menu_order":1,"comment_status":"closed","ping_status":"closed","template":"sidebar-page.php","meta":{"footnotes":""},"class_list":["post-2","page","type-page","status-publish","hentry"],"_links":{"self":[{"href":"https:\/\/sch\u00fctzenverein-grussendorf.de\/index.php?rest_route=\/wp\/v2\/pages\/2","targetHints":{"allow":["GET"]}}],"collection":[{"href":"https:\/\/sch\u00fctzenverein-grussendorf.de\/index.php?rest_route=\/wp\/v2\/pages"}],"about":[{"href":"https:\/\/sch\u00fctzenverein-grussendorf.de\/index.php?rest_route=\/wp\/v2\/types\/page"}],"author":[{"embeddable":true,"href":"https:\/\/sch\u00fctzenverein-grussendorf.de\/index.php?rest_route=\/wp\/v2\/users\/1"}],"replies":[{"embeddable":true,"href":"https:\/\/sch\u00fctzenverein-grussendorf.de\/index.php?rest_route=%2Fwp%2Fv2%2Fcomments&post=2"}],"version-history":[{"count":12,"href":"https:\/\/sch\u00fctzenverein-grussendorf.de\/index.php?rest_route=\/wp\/v2\/pages\/2\/revisions"}],"predecessor-version":[{"id":2397,"href":"https:\/\/sch\u00fctzenverein-grussendorf.de\/index.php?rest_route=\/wp\/v2\/pages\/2\/revisions\/2397"}],"up":[{"embeddable":true,"href":"https:\/\/sch\u00fctzenverein-grussendorf.de\/index.php?rest_route=\/wp\/v2\/pages\/238"}],"wp:attachment":[{"href":"https:\/\/sch\u00fctzenverein-grussendorf.de\/index.php?rest_route=%2Fwp%2Fv2%2Fmedia&parent=2"}],"curies":[{"name":"wp","href":"https:\/\/api.w.org\/{rel}","templated":true}]}}