{"id":1060,"date":"2022-06-14T11:33:59","date_gmt":"2022-06-14T09:33:59","guid":{"rendered":"https:\/\/sch\u00fctzenverein-grussendorf.de\/?page_id=1060"},"modified":"2023-10-22T23:06:01","modified_gmt":"2023-10-22T21:06:01","slug":"schuetzenfest-2022","status":"publish","type":"page","link":"https:\/\/sch\u00fctzenverein-grussendorf.de\/?page_id=1060","title":{"rendered":"Sch\u00fctzenfest"},"content":{"rendered":"<p>Die Zeit rum um das Sch\u00fctzenfest ist f\u00fcr viele die 5.Jahreszeit im Dorfleben. Dabei findet das Sch\u00fctzenfest immer am Wochenende nach Fronleichnam statt.<\/p>\n<p>Eingel\u00e4utet wird die Sch\u00fctzenfestzeit mit der Hauptversammlung, bei der die letzten Absprachen und Einteilungen vorgenommen werden.<\/p>\n<p>Eine Woche vor dem Sch\u00fctzenfest findet bereits das Kinderk\u00f6nigsschie\u00dfen und auch das K\u00f6nigsschie\u00dfen statt, bei denen im Vorfeld die Majest\u00e4ten ausgeschossen werden, die beim Sch\u00fctzenfest proklamiert werden.<\/p>\n<p><strong>Das Sch\u00fctzenfest findet jedes Jahr am Wochenende nach Fronleichnam von Freitag bis Sonntag auf dem Gru\u00dfendorfer Festplatz statt!<\/strong><\/p>\n<p>Und das Sch\u00fctzenfest in Gru\u00dfendorf ist nicht nur das Fest f\u00fcr die Sch\u00fctzen sondern ganz besonders ein Fest f\u00fcr die Dorfgemeinschaft! Es sind alle herzlich eingeladen, bei den verschiedenen Angeboten dabei zu sein und mit uns zu feiern. Einen guten \u00dcberblick \u00fcber die einzelnen Festtage zeigen wir Euch auf dieser Seite. Das komplette Festprogramm mit den genauen Uhrzeiten wird jedes Jahr ebenfalls auf unserer Homepage vorgestellt.<\/p>\n<h2>Der Freitag &#8211; Kindersch\u00fctzenfest<\/h2>\n<p>Am Freitag findet ab 14:00 Uhr das Kindersch\u00fctzenfest statt. H\u00f6hepunkte sind das Abholen der Kinder vom Dorfgemeinschaftshaus, die Proklamation der neuen W\u00fcrdentr\u00e4ger und das nach Hause bringen der neuen Majest\u00e4t gegen 17:30 Uhr.<\/p>\n<p><img loading=\"lazy\" decoding=\"async\" class=\"alignleft wp-image-1068\" src=\"http:\/\/xn--schtzenverein-grussendorf-hwc.de\/wp-content\/uploads\/2022\/06\/Screenshot-1-300x143.png\" alt=\"\" width=\"421\" height=\"207\" \/><\/p>\n<p>F\u00fcr den Nachmittag lassen wir uns immer einiges einfallen und bieten den Kindern z.B. mit einer Kinder-Rallye eine abwechslungsreiche Unterhaltung an, an deren Ende auch eine kleine Belohnung stehen soll. Ausf\u00fchrliche Informationen zum Kindersch\u00fctzenfest findet Ihr auch <a href=\"https:\/\/sch\u00fctzenverein-grussendorf.de\/?page_id=215\">hier!<\/a><\/p>\n<p>Am Abend findet dann ab 21 Uhr der Party-Tanzabend mit einem DJ statt. Der Eintritt ist frei!<\/p>\n<h2>Der Samstag &#8211; Die Majest\u00e4ten und der K\u00f6nigsball<\/h2>\n<p>Der Samstag steht ganz im Zeichen der alten und neuen Majest\u00e4t. Nachdem der scheidende Fahnentr\u00e4ger und die scheidende Majest\u00e4t ab 12:00 Uhr vom Sch\u00fctzenverein von zu Hause abgeholt werden, wird das scheidende Majest\u00e4tenhaus das Amt nach einem ereignisreichen Jahr abgeben. Im Anschluss wird die neue Majest\u00e4t proklamiert und gegen 17 Uhr nach Hause gebracht. Hier k\u00f6nnt Ihr auch eine historische \u00dcbersicht \u00fcber die <a href=\"https:\/\/sch\u00fctzenverein-grussendorf.de\/?page_id=17\">ehemaligen Majest\u00e4ten<\/a> und <a href=\"https:\/\/sch\u00fctzenverein-grussendorf.de\/?page_id=187\">ehemaligen K\u00f6niginnen der Sch\u00fctzendamen<\/a> anschauen.<\/p>\n<div id=\"attachment_623\" style=\"width: 594px\" class=\"wp-caption alignleft\"><img loading=\"lazy\" decoding=\"async\" aria-describedby=\"caption-attachment-623\" class=\"wp-image-623 size-large\" src=\"http:\/\/xn--schtzenverein-grussendorf-hwc.de\/wp-content\/uploads\/2021\/06\/SV_grussendorf_koenigshaus_2019-1024x576.jpg\" alt=\"\" width=\"584\" height=\"329\" srcset=\"https:\/\/xn--schtzenverein-grussendorf-hwc.de\/wp-content\/uploads\/2021\/06\/SV_grussendorf_koenigshaus_2019-1024x576.jpg 1024w, https:\/\/xn--schtzenverein-grussendorf-hwc.de\/wp-content\/uploads\/2021\/06\/SV_grussendorf_koenigshaus_2019-300x169.jpg 300w, https:\/\/xn--schtzenverein-grussendorf-hwc.de\/wp-content\/uploads\/2021\/06\/SV_grussendorf_koenigshaus_2019-768x432.jpg 768w, https:\/\/xn--schtzenverein-grussendorf-hwc.de\/wp-content\/uploads\/2021\/06\/SV_grussendorf_koenigshaus_2019-1536x864.jpg 1536w, https:\/\/xn--schtzenverein-grussendorf-hwc.de\/wp-content\/uploads\/2021\/06\/SV_grussendorf_koenigshaus_2019-500x281.jpg 500w, https:\/\/xn--schtzenverein-grussendorf-hwc.de\/wp-content\/uploads\/2021\/06\/SV_grussendorf_koenigshaus_2019.jpg 1600w\" sizes=\"auto, (max-width: 584px) 100vw, 584px\" \/><p id=\"caption-attachment-623\" class=\"wp-caption-text\">K\u00f6niginnenhaus 2019<\/p><\/div>\n<p>Abends findet dann der K\u00f6nigsball statt, begleitet von einer Band oder einem DJ.<\/p>\n<h2>Der Sonntag &#8211; K\u00f6nigsfr\u00fchst\u00fcck, Gastvereine und Zapfenstreich<\/h2>\n<p>Der Sonntag beginnt um 11:00 Uhr mit der K\u00f6nigstafel, einem z\u00fcnftigen und stimmungsvollen Fr\u00fchst\u00fcck mit erstklassiger musikalischer Begleitung durch den Feuerwehr Musikzug Gru\u00dfendorf. Dazu sind Gastvereine aus der Sassenburg und aus Lessien eingeladen und es nehmen auch viele Gru\u00dfendorfer B\u00fcrger und Vereine teil. Im Anschluss findet ein Umzug (Dorfrunde) statt, dem sich alle gerne anschlie\u00dfen k\u00f6nnen.<br \/>\nAm Nachmittag findet dann noch die Verlosung der Tombolapreise statt und um 18 Uhr wird das Sch\u00fctzenfest mit dem Zapfenstreich feierlich beendet.<\/p>\n<div id=\"attachment_1246\" style=\"width: 594px\" class=\"wp-caption alignleft\"><img loading=\"lazy\" decoding=\"async\" aria-describedby=\"caption-attachment-1246\" class=\"wp-image-1246 size-large\" src=\"http:\/\/xn--schtzenverein-grussendorf-hwc.de\/wp-content\/uploads\/2022\/10\/IMG_3967-1024x683.jpg\" alt=\"\" width=\"584\" height=\"390\" srcset=\"https:\/\/xn--schtzenverein-grussendorf-hwc.de\/wp-content\/uploads\/2022\/10\/IMG_3967-1024x683.jpg 1024w, https:\/\/xn--schtzenverein-grussendorf-hwc.de\/wp-content\/uploads\/2022\/10\/IMG_3967-300x200.jpg 300w, https:\/\/xn--schtzenverein-grussendorf-hwc.de\/wp-content\/uploads\/2022\/10\/IMG_3967-768x512.jpg 768w, https:\/\/xn--schtzenverein-grussendorf-hwc.de\/wp-content\/uploads\/2022\/10\/IMG_3967-1536x1024.jpg 1536w, https:\/\/xn--schtzenverein-grussendorf-hwc.de\/wp-content\/uploads\/2022\/10\/IMG_3967-2048x1365.jpg 2048w, https:\/\/xn--schtzenverein-grussendorf-hwc.de\/wp-content\/uploads\/2022\/10\/IMG_3967-450x300.jpg 450w\" sizes=\"auto, (max-width: 584px) 100vw, 584px\" \/><p id=\"caption-attachment-1246\" class=\"wp-caption-text\">Umzug am Sonntag nach dem K\u00f6nigsfr\u00fchst\u00fcck<\/p><\/div>\n<h2>An allen Tagen<\/h2>\n<p>An allen Tagen ist am Nachmittag die beliebte Kuchentafel aufgebaut und <a href=\"http:\/\/www.festzelthallen-stendel.de\/impressum\">Festwirt Walter Stendel<\/a> betreibt mit seinem Team die Spiel- und Fahrgesch\u00e4fte und kulinarischen Schmankerl. Im Ausschank haben wir die regionalen Biere der <a href=\"https:\/\/wittinger.de\/\">Wittinger Brauerei<\/a>.<\/p>\n<p>\u00dcbrigens &#8211; der Ablauf hat mittlerweile eine echte Tradition. Hier seht Ihr das Programm von 1967 \ud83d\ude42 &#8211; viel hat sich nicht ge\u00e4ndert nur heutzutage haben wir nicht mehr die Kraft, auch am Sonntag noch einen Tanzabend abzuhalten.<\/p>\n<div id=\"attachment_1245\" style=\"width: 992px\" class=\"wp-caption alignleft\"><img loading=\"lazy\" decoding=\"async\" aria-describedby=\"caption-attachment-1245\" class=\"wp-image-1245 size-full\" src=\"http:\/\/xn--schtzenverein-grussendorf-hwc.de\/wp-content\/uploads\/2022\/10\/1967_Festprogramm.png\" alt=\"\" width=\"982\" height=\"648\" srcset=\"https:\/\/xn--schtzenverein-grussendorf-hwc.de\/wp-content\/uploads\/2022\/10\/1967_Festprogramm.png 982w, https:\/\/xn--schtzenverein-grussendorf-hwc.de\/wp-content\/uploads\/2022\/10\/1967_Festprogramm-300x198.png 300w, https:\/\/xn--schtzenverein-grussendorf-hwc.de\/wp-content\/uploads\/2022\/10\/1967_Festprogramm-768x507.png 768w, https:\/\/xn--schtzenverein-grussendorf-hwc.de\/wp-content\/uploads\/2022\/10\/1967_Festprogramm-455x300.png 455w\" sizes=\"auto, (max-width: 982px) 100vw, 982px\" \/><p id=\"caption-attachment-1245\" class=\"wp-caption-text\">Festprogramm 1967<\/p><\/div>\n","protected":false},"excerpt":{"rendered":"<p>Die Zeit rum um das Sch\u00fctzenfest ist f\u00fcr viele die 5.Jahreszeit im Dorfleben. Dabei findet das Sch\u00fctzenfest immer am Wochenende nach Fronleichnam statt. Eingel\u00e4utet wird die Sch\u00fctzenfestzeit mit der Hauptversammlung, bei der die letzten Absprachen und Einteilungen vorgenommen werden. Eine &hellip; <a href=\"https:\/\/sch\u00fctzenverein-grussendorf.de\/?page_id=1060\">Weiterlesen <span class=\"meta-nav\">&rarr;<\/span><\/a><\/p>\n","protected":false},"author":1,"featured_media":0,"parent":0,"menu_order":0,"comment_status":"closed","ping_status":"closed","template":"sidebar-page.php","meta":{"footnotes":""},"class_list":["post-1060","page","type-page","status-publish","hentry"],"_links":{"self":[{"href":"https:\/\/sch\u00fctzenverein-grussendorf.de\/index.php?rest_route=\/wp\/v2\/pages\/1060","targetHints":{"allow":["GET"]}}],"collection":[{"href":"https:\/\/sch\u00fctzenverein-grussendorf.de\/index.php?rest_route=\/wp\/v2\/pages"}],"about":[{"href":"https:\/\/sch\u00fctzenverein-grussendorf.de\/index.php?rest_route=\/wp\/v2\/types\/page"}],"author":[{"embeddable":true,"href":"https:\/\/sch\u00fctzenverein-grussendorf.de\/index.php?rest_route=\/wp\/v2\/users\/1"}],"replies":[{"embeddable":true,"href":"https:\/\/sch\u00fctzenverein-grussendorf.de\/index.php?rest_route=%2Fwp%2Fv2%2Fcomments&post=1060"}],"version-history":[{"count":8,"href":"https:\/\/sch\u00fctzenverein-grussendorf.de\/index.php?rest_route=\/wp\/v2\/pages\/1060\/revisions"}],"predecessor-version":[{"id":1453,"href":"https:\/\/sch\u00fctzenverein-grussendorf.de\/index.php?rest_route=\/wp\/v2\/pages\/1060\/revisions\/1453"}],"wp:attachment":[{"href":"https:\/\/sch\u00fctzenverein-grussendorf.de\/index.php?rest_route=%2Fwp%2Fv2%2Fmedia&parent=1060"}],"curies":[{"name":"wp","href":"https:\/\/api.w.org\/{rel}","templated":true}]}}